 51 = 0. Suppose -o*l + 8 = -l. What is the greatest common factor of 8 and l?
8
Let y = 909 - 526. Suppose -26*o + 293 = -y. Calculate the greatest common factor of 299 and o.
13
Let k(f) = 4*f**2 - 5 + 141*f - 2*f**2 - 144*f. Let w be k(5). Calculate the greatest common divisor of 165 and w.
15
Let j be ((-7077)/(-35))/3 + (-6)/(-10). Suppose -2*a - 121 = 83. Let b be a/5*(-23 + 18). Calculate the greatest common factor of b and j.
34
Let b = -599 + 1347. Let f = b + -559. Calculate the highest common factor of f and 14.
7
Let w(q) = q**3 - 4*q**2 + 4*q + 8. Let y be w(6). Let z be 1011 + (-14)/(70/(-15)). Suppose -50*c + z = 28*c. What is the highest common divisor of y and c?
13
Let x(l) = 89*l + 1278. Let b be x(-14). What is the highest common divisor of 5872 and b?
16
Let d be 0 - -3 - 63/21. Let c(h) = -h**2 - 4*h + 8. Let o be c(d). Calculate the highest common factor of 392 and o.
8
Suppose 87*g = 44*g + 4257. What is the greatest common divisor of g and 44?
11
Let s be (-5)/(-1 + -4) + 2. Let h(m) = 7*m - 2. Let x be h(0). Let q be 1 + s + 2 + x - -41. What is the highest common divisor of q and 315?
45
Let y = 4285 + -3439. Calculate the highest common factor of 18 and y.
18
Let w(x) = x**3 - 2*x**2 - 4*x + 2. Let z be w(4). Suppose -9*g + 231 + 399 = 0. Let l be (-5)/((g/36)/(-7)). Calculate the highest common divisor of z and l.
18
Suppose -110*r + 1491 = -103*r. Suppose r*z - 208*z = 1300. Calculate the greatest common factor of z and 195.
65
Let t be 12/((-120)/14)*-35. Calculate the greatest common divisor of 1421 and t.
49
Suppose -12*o + 3834 - 414 = 0. Let y = o + -284. What is the highest common divisor of y and 29?
1
Suppose 10514 = 21*i + 2891. Let n = i + -337. Calculate the highest common divisor of 624 and n.
26
Let h(n) = -n**2 + 396. Let z be h(0). Let y be 1/(22/(-27746)) + (-34)/(-187). Let f = y - -1297. Calculate the highest common divisor of z and f.
36
Suppose 68 = -36*v + 38*v. Suppose t - 43 = 2*h - v, -h = 3*t - 6. Calculate the highest common factor of t and 39.
3
Let c(b) = -8*b + 251. Let g be c(29). Suppose 5*x + 4*n = 2685, -3*x + g*n = 15*n - 1579. Calculate the highest common factor of 41 and x.
41
Suppose 233*y = 197*y + 404 + 136. Calculate the highest common factor of 3890 and y.
5
Let b be 12444/(-544)*(6 - 14). Calculate the highest common factor of b and 793.
61
Let b = -738 + 806. What is the greatest common factor of 425 and b?
17
Let u = -33 + 40. Suppose 0 = -12*c + u*c + 40. Let v = 199 - 187. What is the highest common factor of c and v?
4
Suppose -21*i - 540624 = -36*i - 33*i. Calculate the highest common factor of 7 and i.
7
Let n = 8446 - 8404. Calculate the greatest common factor of 2499 and n.
21
Let d = 6423 + -6379. Calculate the greatest common divisor of d and 88.
44
Suppose v - 3*r = 3*v + 247, 0 = 4*v + 2*r + 490. Let z = v - -128. Calculate the greatest common divisor of z and 6.
6
Suppose 9*r + 1225 = 14*r. Let w = 3862 + -3813. Calculate the highest common factor of w and r.
49
Let d be (7/(-2))/((-10)/(-20)). Let l = d + 6. Let p be 13/(-2 - l - -2). What is the highest common factor of 13 and p?
13
Let v be 142/10 + (0 - 2/10). Suppose -x = -1 - v. Calculate the greatest common divisor of 35 and x.
5
Let l = 153 - -27. Suppose 66 = 2*a - 37*d + 39*d, 0 = 5*a - 5*d - 195. What is the greatest common divisor of l and a?
36
Let f = 48 + 68. Let q(p) = 46*p - 17. Let r be q(1). Calculate the greatest common divisor of f and r.
29
Suppose 48 + 74 = 2*n. Let j = n - 56. Let p(l) = 6*l - 17. Let y be p(j). Calculate the greatest common divisor of y and 117.
13
Let l = -465 + 440. Let p(i) = -10*i - 200. Let m be p(l). What is the highest common factor of 2 and m?
2
Let s = 256 - 253. Suppose 0 = s*r - 2*j + 6*j - 1452, 474 = r - 2*j. Calculate the greatest common divisor of r and 15.
15
Let y(f) be the second derivative of 43*f**3/6 - f**2/2 + 6*f. Let l be y(2). Let h = 165 - l. Calculate the greatest common factor of 16 and h.
16
Suppose 2*s + 1661 = 3*c, 4*c - 1246 = 2*s + 418. Let t = s + 903. Calculate the greatest common divisor of t and 14.
7
Let s be (-5 - 25/(50/(-396))) + 3. What is the greatest common factor of 931 and s?
49
Let g be (-4)/(-22) + (-19314)/(-1221). Calculate the greatest common divisor of 100 and g.
4
Let r(w) = -12*w - 461. Let n be r(-43). Suppose -x + 5 + n = 0. Calculate the highest common factor of 48 and x.
12
Let j(n) = 107*n + 33. Let u be j(33). Suppose 33*o - 6732 = u. What is the highest common factor of o and 52?
52
Suppose -63*m - 630 + 1638 = 0. Calculate the highest common factor of 8176 and m.
16
Let p = -276 - -65. Let y = -177 - p. What is the highest common factor of 51 and y?
17
Suppose 4*z = 2*g - 16650, -5*g - 4*z + 18170 + 23371 = 0. What is the highest common divisor of 51 and g?
51
Suppose -70*p + 65*p + 924 = -3*v, 5*v = -4*p + 791. Calculate the highest common factor of p and 504.
63
Let x(o) = -119*o - 769. Let q be x(-7). Calculate the greatest common factor of q and 16.
16
Let q(s) = 9*s**2 - 14*s - 20. Let t(f) = -11*f**2 + 14*f + 22. Let o(y) = 6*q(y) + 5*t(y). Let i be o(-12). What is the greatest common factor of i and 26?
2
Let n be (-2 + 10)/((-1)/2). Let b be 3*n/36*-3. Suppose 0 = 4*l + 2*q - 50, 2*l - 4 = q + 11. Calculate the highest common divisor of l and b.
2
Let u = 5416 + -5396. Calculate the greatest common factor of 625 and u.
5
Let m be 415/6 + (-85)/(-102). Suppose 3*z = n - 44, -z + 30 - 103 = -2*n. What is the highest common factor of m and n?
35
Suppose b = 46*k - 60*k + 2452, 0 = -2*k - 3*b + 356. Calculate the greatest common divisor of 2925 and k.
25
Let m = -3 - 4. Let i be -8 - 1/3*-3. Let t be m/(i/3 - -2). Calculate the highest common factor of 7 and t.
7
Let t be (-9 + 104/12)*-17067 + 6. What is the greatest common factor of 85 and t?
85
Suppose -2*f + 568 = -486. Let w(q) = 67*q**3 - q**2 - 9*q + 11. Let u be w(1). Calculate the greatest common factor of u and f.
17
Suppose 44256 + 58236 = 18*y. What is the highest common factor of y and 156?
78
Let w be (4/20)/(3/165). Let c = -9 + w. Let k be 9/(c - -1) - -33. What is the greatest common factor of k and 9?
9
Let z be (-172)/(-6)*-6*(-3)/6. Suppose 2*g - z = -d, -5*d + 281 = -4*g - 107. Let l = 46 + -14. What is the greatest common factor of l and d?
16
Let r(j) = 8*j**3 + 6*j**2 + j. Let m be r(4). Let s = -552 + m. What is the highest common divisor of 510 and s?
30
Let v be ((-3)/(-6))/((-7)/(-1008)). Let f = v - 70. Let u be ((-3)/(-4))/(7/(-4) + f). What is the highest common factor of u and 24?
3
Let i = 8074 + -7181. What is the greatest common factor of i and 94?
47
Let i = 7129 - 6975. Calculate the greatest common factor of i and 264.
22
Let b be (18/(-5))/(-1*(-16)/(-240)). Let d = -13 - -22. What is the greatest common factor of b and d?
9
Let m(l) = -28*l - 137 + 0*l**2 + 2*l**2 - 25*l + 7*l. Let d be m(26). What is the greatest common factor of d and 703?
19
Let k(u) = -u**3 + 15*u**2 - 44*u - 8. Suppose -3*w + 19 - 28 = 0, -46 = -5*y + 2*w. Let p be k(y). What is the greatest common divisor of 16 and p?
8
Let a be (5 + (-423)/(-18))*((-68)/(-12) + 3). What is the highest common factor of 793 and a?
13
Suppose h + 4*p - 20 = 0, 66*h + 5*p - 4 = 70*h. What is the greatest common divisor of 58 and h?
2
Suppose 773 = -5*y - 2*x, -y - y - 306 = 4*x. Let z = 190 + y. What is the greatest common divisor of 28 and z?
7
Let i be (-8491)/63 + (-10)/45. Let c be i*-3*(80/36 + -2). What is the highest common factor of c and 10?
10
Suppose -3*g - 76 = 182. Let p be 2/(-20)*-4 - g/10. Let r = 155 - 83. Calculate the highest common factor of r and p.
9
Let w be (-69)/115 + (3 - 14349/(-15)). What is the highest common factor of w and 7?
7
Let p be -3 + 4 + (-10 - -12397). What is the greatest common factor of 19 and p?
19
Let v be -8 - (-378)/45 - 13/(-5). Suppose 2*i - 4*s - 153 = -s, -2*s = -v*i + 227. Calculate the highest common divisor of i and 60.
15
Let u(m) = m**3 - 5*m**2 - 3*m - 3. Suppose -5*q - a - a = -24, -27 = -2*q + 5*a. Let p be u(q). Calculate the greatest common divisor of 105 and p.
15
Suppose 35*n - 2112 = -53*n. Suppose 4*z - 72 = -0*z. What is the highest common divisor of z and n?
6
Suppose -2*f - 798 = -9*f. Sup